alse
Is 5907179633 a prime number?
True
Is 2416215007 prime?
True
Is 15832331701 prime?
False
Is 116471033 prime?
False
Is 149784765407 a prime number?
True
Is 51596657345 a composite number?
True
Is 1039085731 prime?
False
Is 8108429171 composite?
False
Is 1998179907 prime?
False
Is 2297310443 composite?
True
Is 1305084127 prime?
False
Is 49086767 prime?
True
Is 199876309 prime?
False
Is 17414185849 a prime number?
True
Is 52461663899 prime?
True
Is 119109869597 composite?
False
Is 1049606429 composite?
True
Is 609735911 composite?
True
Is 892410689 composite?
False
Is 584114477 a prime number?
True
Is 152986640291 a prime number?
True
Is 2595286307 composite?
True
Is 17699893037 a prime number?
True
Is 121292893 prime?
False
Is 2944792189 prime?
False
Is 21306042887 a composite number?
False
Is 9352608193 prime?
True
Is 100684240933 prime?
False
Is 5729356561 composite?
True
Is 4523644387 composite?
False
Is 12647745241 a prime number?
False
Is 2936279039 a prime number?
True
Is 29668790081 composite?
True
Is 23253648757 prime?
True
Is 2194016687 a prime number?
False
Is 15086657851 a composite number?
False
Is 30885812369 composite?
True
Is 287410804477 a composite number?
False
Is 2545741321 composite?
False
Is 1050852079 prime?
True
Is 3178745995 composite?
True
Is 23827278707 prime?
False
Is 9032768047 a composite number?
True
Is 1948231741 composite?
False
Is 1844895827 a composite number?
True
Is 303811513 composite?
False
Is 37742581 a composite number?
False
Is 17812214543 a composite number?
False
Is 9726049 composite?
True
Is 23725914347 a prime number?
True
Is 7912788119 composite?
True
Is 30311819 a composite number?
True
Is 5722711847 a prime number?
False
Is 86000190509 a prime number?
True
Is 2386343549 composite?
True
Is 19435727711 a composite number?
False
Is 200720906 a composite number?
True
Is 2211993859 prime?
False
Is 373754092945 a prime number?
False
Is 13596021097 a composite number?
False
Is 536464153 prime?
True
Is 2614742713 composite?
True
Is 3835370873 a composite number?
False
Is 7254434951 a composite number?
True
Is 283408027 prime?
False
Is 2993106889 a prime number?
False
Is 10741624683 prime?
False
Is 3722607641 a prime number?
False
Is 4468131697 a prime number?
False
Is 828001933 a composite number?
True
Is 6065487283 a composite number?
False
Is 736289171 composite?
False
Is 2383741951 composite?
True
Is 43993959589 a composite number?
False
Is 1895800969 composite?
False
Is 227872817 composite?
False
Is 3182195891 prime?
False
Is 674288113 composite?
False
Is 1991026733 a prime number?
False
Is 5596295447 prime?
False
Is 30572125891 composite?
True
Is 18979565851 a composite number?
True
Is 57598429127 a prime number?
True
Is 30327370181 composite?
False
Is 256042360937 a composite number?
True
Is 115169038723 composite?
False
Is 67302925511 a prime number?
True
Is 132274146209 a composite number?
False
Is 3488237981 composite?
False
Is 8448115591 a composite number?
False
Is 317223583 prime?
False
Is 819992237 a prime number?
False
Is 7722407863 prime?
True
Is 202261571 prime?
False
Is 78501023 a prime number?
False
Is 49573774777 composite?
True
Is 555818053 composite?
True
Is 11826566711 a prime number?
True
Is 69036135821 prime?
True
Is 158472343 a composite number?
False
Is 1535058043 a composite number?
True
Is 385179941 composite?
False
Is 1284514031 composite?
False
Is 432877787 a composite number?
False
Is 2848401043 a prime number?
True
Is 7977014623 a composite number?
False
Is 40441476161 prime?
True
Is 3722401783 a composite number?
True
Is 15828514671 a prime number?
False
Is 43616649985 prime?
False
Is 723793571 prime?
False
Is 5243320483 prime?
False
Is 866187169 prime?
True
Is 1222035233 prime?
False
Is 2140319563 prime?
True
Is 2225730459 composite?
True
Is 1413083663 composite?
True
Is 8672287263 a composite number?
True
Is 403139873 a prime number?
True
Is 1670324519 a composite number?
False
Is 6245968535 a prime number?
False
Is 58350148361 a composite number?
True
Is 14133901981 prime?
True
Is 4065219947 a composite number?
True
Is 4712078405 a composite number?
True
Is 793386457 a composite number?
False
Is 134415361 a prime number?
True
Is 498505859 composite?
False
Is 368362283 prime?
True
Is 42636909911 prime?
True
Is 661396601 a prime number?
True
Is 2489943563 a composite number?
False
Is 5810561467 a composite number?
False
Is 3319901699 prime?
True
Is 256609112241 composite?
True
Is 925117499 a prime number?
True
Is 42728827 a composite number?
False
Is 1576209799 prime?
True
Is 6317756453 composite?
False
Is 366905954 a prime number?
False
Is 118437055463 a composite number?
True
Is 212893493 a composite number?
False
Is 3308802157 a composite number?
True
Is 389219249 composite?
True
Is 2158913789 composite?
False
Is 7035967189 a prime number?
True
Is 996233489 prime?
True
Is 978282727 composite?
False
Is 2789836331 prime?
True
Is 40186739419 a composite number?
False
Is 35246969 a prime number?
False
Is 5570469139 a prime number?
True
Is 77291618029 prime?
False
Is 7202114527 composite?
True
Is 18220076639 a prime number?
False
Is 20260429001 composite?
False
Is 2368571489 a prime number?
True
Is 19887041 a composite number?
False
Is 3430304389 prime?
False
Is 151835275439 a prime number?
True
Is 133321145467 prime?
False
Is 1715602703 composite?
True
Is 10780125997 a prime number?
False
Is 4954932493 a prime number?
False
Is 993093887 a composite number?
True
Is 53372156521 a composite number?
False
Is 5541269101 a composite number?
False
Is 376617623 a prime number?
False
Is 275106131 prime?
False
Is 461001797 a prime number?
False
Is 812337829 a composite number?
False
Is 13160319659 a composite number?
True
Is 11952236951 composite?
True
Is 51836873 composite?
True
Is 125507873 composite?
False
Is 4763095349 a prime number?
False
Is 10039559 prime?
True
Is 55013367743 composite?
False
Is 410325967 composite?
True
Is 6336249259 a composite number?
False
Is 15131644351 composite?
False
Is 15386788847 composite?
False
Is 3645159157 a prime number?
False
Is 155977531 composite?
False
Is 58592841449 a prime number?
False
Is 235453313 composite?
True
Is 293064953 prime?
False
Is 4705413007 composite?
False
Is 5708642327 composite?
True
Is 18018384511 a prime number?
True
Is 1359069 a composite number?
True
Is 8541028367 a prime number?
False
Is 31775190047 a composite number?
False
Is 2066695573 a prime number?
True
Is 49473838763 a prime number?
False
Is 7618637419 composite?
False
Is 405347153 composite?
True
Is 214855733 a composite number?
False
Is 2149122991 prime?
True
Is 46399089221 composite?
False
Is 15010631 a prime number?
True
Is 11052301541 prime?
False
Is 22814017207 composite?
False
Is 226812839 a composite number?
True
Is 1274748227 a prime number?
False
Is 579762647 a prime number?
True
Is 2565535183 prime?
False
Is 7813954221 prime?
False
Is 1237940047 a composite number?
False
Is 106645302251 prime?
True
Is 1716347741 a prime number?
True
Is 174554809829 a composite number?
False
Is 12808880827 composite?
False
Is 103161088013 composite?
True
Is 90632862139 prime?
True
Is 197449531 prime?
True
Is 18692203403 composite?
True
Is 2051261989 a prime number?
False
Is 8355533 a composite number?
False
Is 801651137 a composite number?
True
Is 2753449339 prime?
True
Is 29347073851 composite?
False
Is 22899925853 a composite number?
True
Is 3468662761 a composite number?
False
Is 3387000649 a prime number?
True
Is 32133849941 a prime number?
True
Is 559416647 composite?
False
Is 16802935887 prime?
False
Is 546548459 a prime number?
False
Is 9786663563 a prime number?
True
Is 17543116481 prime?
False
Is 51400086097 prime?
True
Is 375674009 prime?
True
Is 948344654 a composite number?
True
Is 17772388867 composite?
True
Is 120712313 prime?
True
Is 11719443869 a composite number?
True
Is 33172301623 a composite number?
False
Is 6325325423 a prime number?
False
Is 7563917459 a prime number?
False
Is 32700974831 prime?
False
Is 16566797573 composite?
False
Is 1955091799 composite?
False
Is 777473317 a composite number?
False
Is 1129579751 a composite number?
False
Is 18117426367 a prime number?
False
Is 394411013 a prime number?
True
Is 26712887819 a composite